0 - 30 - -35 - 1.
24
Calculate 18 + -6 + (4 - 18).
-2
2 + -4 + -3 + 47 + -33
9
Calculate -12 + 18 + -12 - (0 + 0 - -2).
-8
Evaluate -12 + -1 - (29 + -27) - -4.
-11
What is the value of (70 - 68) + (-2 - (0 - -1)) + 4?
3
Calculate (27 - 36) + 5 + 6 + -12 - 15.
-25
Calculate (0 - -14) + -1 - 1 - (291 - 294).
15
(-4 - 4) + 17 + 1 - -4
14
What is 23 + (-4 - 4 - -11 - 11)?
15
What is -13 - (-18 + (-7 - 2))?
14
What is 1 - -1 - ((-8 - -9) + (-13 - -1))?
13
What is the value of (-3 + -7 - 3) + 10 - 8?
-11
What is (1 - -7) + -507 + 511?
12
What is the value of -27 + 6 + -6 + 5 + (0 - 0)?
-22
Calculate -13 + 1 + 18 + -6.
0
What is the value of -8 + 20 + 8 + -6?
14
Evaluate 4 + -11 + 5 - (-12 + -2).
12
-13 + 3 - (-13 - -2 - (-264 - -245))
-18
-16 + -9 + 5 + -1 + 14
-7
Calculate 25 + -6 + -5 + -6.
8
What is the value of 24 + (22 - 53) - (1 - 7)?
-1
(9 - -7) + 3 + (-3 - 8) + -3
5
Calculate (97 - 94) + -1 + -2 + -4.
-4
Evaluate (4 - (5 - -8)) + -5 + 3 + -2.
-13
What is -4 + -1 - (-12 - -8 - (-1 + -9))?
-11
Calculate -24 + -34 + 41 - (-4 + (-2 - -3)).
-14
(35 - 1 - (253 - 234)) + 24
39
What is (9 - ((13 - 15) + 7)) + 21?
25
Calculate 8 + (-3 - -3) + (-9 - -1 - -8).
8
Calculate (-2 - -3 - -1 - (5 - -22)) + 6.
-19
What is the value of 0 + -106 + 121 + (1 - 11)?
5
-8 + (12 - 6) + 16 + -10 - -1
5
Calculate 11 + 5 + -2 + -25 + 4.
-7
What is the value of 8 + 14 + (-34 - -4)?
-8
Evaluate (-4 - 1) + (4 - 2 - (-25 - -18)).
4
9 + (17 + -11 - 4)
11
What is the value of (8 - -2 - 13) + (-6 + 5 - -5)?
1
Evaluate (-42 - (-20 + 14)) + 5.
-31
Calculate -2 + 0 + (2 - 9) + 15.
6
11 - 1 - (64 + -53)
-1
What is the value of 3 + 2 + -11 + (5 - 4)?
-5
What is the value of -7 - 1 - (-1 - (-13 - -5))?
-15
What is the value of (94 + -130 - -27) + (11 - -1) + -1?
2
Evaluate -4 - (14 - 11) - (-1 + -14).
8
-7 + 3 + -12 + 13
-3
What is (11 - 10 - -60) + -34?
27
0 + (4 - -10) + (-7 - (12 - 12))
7
Evaluate -11 + 25 + 16 - 20 - (-5 + 1).
14
0 + 7 + 11 + (8 - (4 - -11))
11
Evaluate (-16 - 5) + (8 - 10 - -12).
-11
What is 3 + (-8 - 1 - (-21 + 5 - 0))?
10
Evaluate -5 - (8 - (-13 - (-20 + 26))).
-32
Evaluate (-63 + 59 - (-13 - 0)) + 9.
18
-9 + -8 + 0 + (-19 - -33)
-3
Calculate 37 + 4 + -21 - 12.
8
Calculate (-7 - 14) + -14 + 9 + -2.
-28
Evaluate -15 - (8 + -11) - 1.
-13
-136 + 146 + -30 + 0
-20
What is the value of (5 - (-25 + 12 + 13)) + -38?
-33
Evaluate (-6 - (-11 + 4)) + -4 + (35 - 15).
17
Calculate (0 - (-26 - -17)) + (2 - (13 + -1)).
-1
48 + -30 + -5 - (24 + 1)
-12
Evaluate -14 + 13 - 6 - (-3 - -5) - -7.
-2
Calculate -15 + -11 + 4 + -3 - (-17 + 11).
-19
-35 - (-48 - (-16 - -1))
-2
(-9 - (12 - (39 - 18))) + -27
-27
Evaluate -12 - 16 - -9 - -41.
22
What is 4 + -3 + -18 + 11 - -20?
14
-6 + (-50 - -23) + 0
-33
Evaluate -4 - (-7 + -1 + -2 - -3).
3
291 + -300 + 0 + 25 + -2
14
What is the value of 186 - 157 - (2 - -2 - -2)?
23
What is (15 + -17 - -39) + -10?
27
Evaluate 4 + (-3 - -6) - ((8 - 0) + -14).
13
What is 9 + (-1 + (-3 - 0) - (-6 - -6))?
5
Calculate 25 + -15 + (-30 - 2 - 2).
-24
What is the value of (20 - 41) + 6 + -5 + 5 + -3?
-18
Evaluate 3 - ((-3 - -2) + 6) - (6 - -17).
-25
What is the value of 9 - (-10 - -5) - 2?
12
(-23 - -17 - 10) + -4
-20
Evaluate 14 - (35 - 4) - (0 - 3).
-14
What is the value of -18 - (6 + 40 + -62)?
-2
Calculate -7 + (-36 - (-3 + -22 + 6)).
-24
Evaluate 46 - (26 + 22 + -16).
14
Calculate 82 + -80 + (-1 - 1) + -2.
-2
What is (0 + 1 + 8 - (-1206 + 1215)) + 9?
9
Evaluate -17 + 3 + (15 - 3 - -7).
5
5 + (5 - 5) + -10 - (-7 + -13)
15
Evaluate (16 - 0 - -3) + 33 + -39 + -4.
9
What is -23 + 5 + 39 + -26?
-5
Evaluate -41 + (1 - 3 - (-123 + 118)).
-38
Evaluate -2 + -38 + 38 + 30 + 4 + -2.
30
Evaluate -2 + 8 + (2 - 0) - 3.
5
What is -1 - 26 - (-17 - (-21 + 18 + -3))?
-16
What is -1 + -2 + 11 + -19 + 9?
-2
Evaluate (0 - 15) + -9 + 30.
6
What is 2 - (4 - 25) - 41?
-18
What is the value of 24 - (-28 - (-27 - -6) - (0 - 7))?
24
(-16 - -22) + (2 - (0 + (1 - 3)))
10
Evaluate 0 + -1 - ((-6 - -1 - -11) + -12).
5
What is 34 + (-20 - (4 + -16)) + -6?
20
What is the value of -6 + 1 + -1 + 13 + (-25 - -22)?
4
12 - (25 + -2 + -13)
2
What is (41 + -7 + -1 + -3 - 3) + -3?
24
What is the value of -1 - 4 - (-4 + 6)?
-7
Evaluate (0 - -6) + (-2 - -15 - 16).
3
Calculate 7 + (-85 + 26 - (-14 + 0)).
-38
Calculate -22 - (-13 + 8 - 5).
-12
What is the value of (3 - -8 - 11) + 12 + -2?
10
What is the value of -20 + (14 - (8 + -1)) - 3?
-16
Evaluate -13 + -7 + -2 + 10 + -1.
-13
What is -26 - (60 + -39 - 36)?
-11
Calculate -7 + (26 - 9) + -44 + -1 + 4.
-31
Evaluate -2 - (7 - (14 + -14)).
-9
Evaluate (-12 - (-26 + 37)) + 4.
-19
Calculate -24 - (6 + (-18 - 0)) - -1.
-11
Evaluate 3 + 15 + -6 - (-68 - -58).
22
What is 12 + (-24 - (3 - 1 - (-214 + 228)))?
0
What is the value of (0 + 6 - (11 - 10)) + (70 - 93)?
-18
(0 - 1) + -6 + (-12 - -31)
12
Evaluate (3 - 7) + -5 + -197 + 236.
30
What is the value of -23 + -12 + (7 - -4 - 2 - 2)?
-28
What is 0 - (1 - (1 - (-6 - -7)))?
-1
What is the value of 22 + -17 - (0 - -3) - 0?
2
Evaluate 18 - (40 + -17 + -4).
-1
Evaluate 1 + -11 + 0 + 17.
7
-29 - (16 + -31 + -1)
-13
-11 + 3 + 10 + -8
-6
Calculate (-78 - -86) + -2 + -1.
5
Calculate 8 - (-13 + 13 + (-1 - -1) - 4).
12
What is -5 - -7 - -2 - 1?
3
Evaluate (3 - 6) + -77 + 63.
-17
What is 6 - (6 - (2 - 3))?
-1
39 + -44 + (3 + -2 + 2 - 13)
-15
What is 20 - (54 - 36) - (2 + 0)?
0
Calculate 22 - -11 - (48 + -14).
-1
What is the value of 3 - 22 - (13 + -18 + -4)?
-10
What is the value of 2 + 13 + -5 - (1 - (-3 - 2))?
4
Calculate 3 - (-1 - (-4 - -12)).
12
11 - (-7 + 9 + -5)
14
Evaluate (-13 - -1) + (9 - (-23 + 9 - -16)).
-5
Evaluate 9 + 22 + (1 - (8 - 0)).
24
What is (39 - 60) + (6 - 0)?
-15
20 + -15 + -6 - (-1 - 2)
2
(-27 - -23) + -3 + -17
-24
What is the value of -8 + 43 - (5 - (-6 + -3))?
21
What is the value of -7 + -18 + 12 + 3?
-10
-16 - (-13 + (20 - 37))
14
Calculate 13 + (-50 + 37 - -25).
25
What is the value of -9 + (39 - (25 - -10))?
-5
What is the value of 4 + (-9 + (-13 - -16) - 5)?
-7
What is the value of (-5 - -1) + 21 + -21 + 6?
2
What is the value of -5 - (-134 - -103 - (0 + -10))?
16
(-1 + -1 - (59 - 61)) + (-2 - 0)
-2
What is (7 - -2) + 21 + -20 + 13?
23
33 + -30 + -1 + -7 - 6
-11
Calculate -20 - (8 + -1 - 27).
0
What is 46 + -40 - ((0 - -13) + 0)?
-7
Calculate -14 - 9 - (78 - 76 - (5 - -2)).
-18
Evaluate -3 - (-5 + (5 - -2) + 14).
-19
Calculate -10 + 9 + 10 + -2 + 5.
12
-4 + (0 - (5 - 1 - 0)) + 1
-7
What is the value of -3 + (1 - (3 + -7)) - (203 - 213)?
12
Calculate 11 + (2 - (8 - -20)) - -8.
-7
Calculate 5 + 8 + -18 - -2 - -6.
3
(13 - 0) + (-24 - 9 - -22)
2
What is the value of 31 - (-10 - (14 + -77))?
-22
Evaluate -16 + (11 + -4 - -21).
12
Calculate -19 - (3 + (1 - -5 - 16)).
-12
-1 + -2 + (-186 - -195)
6
Calculate (15 - (-9 + (31 - 12))) + -10.
-5
What is (-16 + -2 - 0) + 140 + -134?
-12
Calculate -1 + 1 + 1 + -4 - -38.
35
0 - 17 - 0 - (49 - 82)
16
Evaluate -6 + (0 - (-4 + (7 - 1))) + 21.
13
Evaluate -9 + 8 + -10 + (-2 - -31).
18
What is (7 - 4) + -9 + 6 + 11?
11
What is 0 + 2 + -8 + (-21 - -20)?
-7
Calculate (-26 - 3) + 0 - (-22 + 12 + 3).
-22
What is 15 + -17 + -19 - -36?
15
(-14 - -54) + (-5 - 3) - (7 - 3)
28
What is the value of 8 - (0 - -12) - -5?
1
(3 - -25 - 49) + 6
-15
8 - ((-40 - -84) + (3 - 1 - 2))
-36
Calculate (-10 - (-7 - -6)) + -1.
-10
Evaluate -6 + (-23 - -19) + 4.
-6
Evaluate -732 + 715 + 0 + 22.
5
Calculate (19 - 58 - -31) + (-2 - -1).
-9
Evaluate 5 + (-2 - (-1 + 15)) + -1 + 1.
-11
What is (-3 - 10 - -10) + 5 + (1 - 11)?
-8
Evaluate -11 + (-35 + 19 - -14).
-13
14 - (23 + -19 + 11)
-1
Evaluate -5 - (-11 + 2 - (-11 + (16 - 3))).
6
What is the value of -7 - ((-7 - 5) + 16)?
-11
(-26 - (-52 + -2)) + -33
-5
Evaluate 7 - (-11 + (29 - 12) + 30).
-29
Calculate -38 + (-15 - (-47 - -19) - 3).
-28
What is -5 - (13 + -8 + -2)?
-8
What is the value of 9 + (-6 + -3 - 7) + 1?
-6
Calculate 2723 - 2747 - (12 - 0).
-36
What is 16 + (19 - 19) + -22 - 0?
-6
Calculate -1 + 0 - -2 - 21.
-20
13 + (-28 + 6 - -3)
-6
Calculate -26 + -51 + 42 - (-1 - -5).
-39
Calculate -5 + 9 + -4 + 0 + 0 + 0.
0
What is 0 - 7 - (-254 - -250)?
-3
Evaluate 9 + (-6 - -2) - 3 - 8 - -18.
12
What is the value of 12 + (11 - 12) - -16?
27
Calculate 24 - ((11 - (2 + 3)) + 1).
17
Evaluate 14 + 7 + -26 + -2.
-7
Evaluate -21 - -31 -